ainder when 2661812 is divided by 1449?
1448
Calculate the remainder when 10422 is divided by 10411.
11
Calculate the remainder when 105642 is divided by 154.
152
What is the remainder when 158062 is divided by 89?
87
Calculate the remainder when 10069 is divided by 838.
13
Calculate the remainder when 172030 is divided by 509.
497
What is the remainder when 2714 is divided by 677?
6
Calculate the remainder when 55295 is divided by 114.
5
What is the remainder when 173102 is divided by 2087?
1968
What is the remainder when 81950 is divided by 17?
10
What is the remainder when 2592 is divided by 972?
648
What is the remainder when 6192 is divided by 672?
144
Calculate the remainder when 85398 is divided by 85398.
0
Calculate the remainder when 916 is divided by 191.
152
What is the remainder when 4415 is divided by 881?
10
What is the remainder when 2704 is divided by 1333?
38
What is the remainder when 3492 is divided by 38?
34
Calculate the remainder when 21510 is divided by 643.
291
What is the remainder when 14543 is divided by 246?
29
What is the remainder when 13367 is divided by 318?
11
What is the remainder when 12118 is divided by 47?
39
What is the remainder when 136631 is divided by 40?
31
What is the remainder when 14009 is divided by 13?
8
Calculate the remainder when 153901 is divided by 6412.
13
Calculate the remainder when 144156 is divided by 29.
26
Calculate the remainder when 15646 is divided by 16.
14
Calculate the remainder when 21615 is divided by 5399.
19
Calculate the remainder when 2344215 is divided by 328.
327
What is the remainder when 44328 is divided by 693?
669
Calculate the remainder when 6075 is divided by 174.
159
Calculate the remainder when 24170 is divided by 284.
30
Calculate the remainder when 12709 is divided by 471.
463
What is the remainder when 1001 is divided by 57?
32
Calculate the remainder when 1248297 is divided by 15.
12
What is the remainder when 3059 is divided by 529?
414
Calculate the remainder when 26284 is divided by 14.
6
What is the remainder when 4992 is divided by 502?
474
What is the remainder when 1210069 is divided by 24?
13
What is the remainder when 971533 is divided by 121440?
13
Calculate the remainder when 6766462 is divided by 1072.
1070
What is the remainder when 75408 is divided by 339?
150
What is the remainder when 9733 is divided by 10?
3
Calculate the remainder when 129268 is divided by 10.
8
Calculate the remainder when 104202 is divided by 379.
356
Calculate the remainder when 866 is divided by 706.
160
Calculate the remainder when 7016 is divided by 885.
821
Calculate the remainder when 17291 is divided by 132.
131
What is the remainder when 53060 is divided by 338?
332
Calculate the remainder when 5333 is divided by 1767.
32
Calculate the remainder when 1656 is divided by 554.
548
What is the remainder when 104440 is divided by 52216?
8
Calculate the remainder when 11446 is divided by 1339.
734
Calculate the remainder when 49731 is divided by 307.
304
What is the remainder when 946 is divided by 34?
28
What is the remainder when 6349 is divided by 634?
9
What is the remainder when 9867 is divided by 340?
7
What is the remainder when 30451 is divided by 83?
73
What is the remainder when 27849 is divided by 348?
9
What is the remainder when 6073 is divided by 170?
123
Calculate the remainder when 484609 is divided by 98.
97
What is the remainder when 78193 is divided by 195?
193
Calculate the remainder when 47299 is divided by 19.
8
What is the remainder when 2496 is divided by 2022?
474
Calculate the remainder when 97809 is divided by 155.
4
What is the remainder when 26934 is divided by 295?
89
Calculate the remainder when 12596 is divided by 1143.
23
Calculate the remainder when 1312257 is divided by 2558.
3
Calculate the remainder when 29404 is divided by 41.
7
Calculate the remainder when 3422 is divided by 282.
38
Calculate the remainder when 36685 is divided by 16.
13
Calculate the remainder when 70829 is divided by 214.
209
What is the remainder when 6097 is divided by 48?
1
Calculate the remainder when 181344 is divided by 916.
892
Calculate the remainder when 8895 is divided by 22.
7
Calculate the remainder when 5213 is divided by 1734.
11
Calculate the remainder when 699 is divided by 314.
71
Calculate the remainder when 53811 is divided by 13450.
11
Calculate the remainder when 1942 is divided by 216.
214
What is the remainder when 74108 is divided by 18512?
60
Calculate the remainder when 498594 is divided by 15.
9
Calculate the remainder when 11317 is divided by 3559.
640
What is the remainder when 1533740 is divided by 383435?
0
What is the remainder when 174847 is divided by 58278?
13
What is the remainder when 43186 is divided by 183?
181
Calculate the remainder when 194024 is divided by 14.
12
Calculate the remainder when 136649 is divided by 577.
477
What is the remainder when 5463 is divided by 7?
3
Calculate the remainder when 11577 is divided by 44.
5
Calculate the remainder when 114838 is divided by 863.
59
Calculate the remainder when 2159 is divided by 427.
24
What is the remainder when 4016 is divided by 137?
43
Calculate the remainder when 1392123 is divided by 467.
463
What is the remainder when 65297 is divided by 1861?
162
Calculate the remainder when 2447754 is divided by 39.
36
Calculate the remainder when 13509 is divided by 3240.
549
What is the remainder when 12476 is divided by 957?
35
Calculate the remainder when 13152 is divided by 731.
725
Calculate the remainder when 318272 is divided by 374.
372
What is the remainder when 12246 is divided by 57?
48
What is the remainder when 2268 is divided by 228?
216
What is the remainder when 265516 is divided by 225?
16
Calculate the remainder when 681 is divided by 578.
103
What is the remainder when 41181 is divided by 443?
425
What is the remainder when 32197 is divided by 10?
7
Calculate the remainder when 5716 is divided by 361.
301
What is the remainder when 36163 is divided by 13?
10
What is the remainder when 69587 is divided by 305?
47
Calculate the remainder when 7052 is divided by 2051.
899
What is the remainder when 1001 is divided by 294?
119
Calculate the remainder when 952097 is divided by 21.
20
Calculate the remainder when 593 is divided by 144.
17
What is the remainder when 1775 is divided by 255?
245
Calculate the remainder when 6240 is divided by 313.
293
Calculate the remainder when 5377 is divided by 1781.
34
Calculate the remainder when 21041 is divided by 25.
16
Calculate the remainder when 11631 is divided by 15.
6
Calculate the remainder when 611031 is divided by 9.
3
Calculate the remainder when 10316 is divided by 31.
24
What is the remainder when 17449 is divided by 8709?
31
What is the remainder when 5723 is divided by 440?
3
What is the remainder when 302 is divided by 145?
12
What is the remainder when 2134 is divided by 481?
210
Calculate the remainder when 94121 is divided by 31373.
2
What is the remainder when 39681 is divided by 39678?
3
Calculate the remainder when 143634 is divided by 39.
36
Calculate the remainder when 171662 is divided by 867.
863
Calculate the remainder when 5807 is divided by 8.
7
Calculate the remainder when 566 is divided by 10.
6
Calculate the remainder when 124876 is divided by 2152.
60
Calculate the remainder when 3370 is divided by 43.
16
Calculate the remainder when 20598 is divided by 438.
12
Calculate the remainder when 674218 is divided by 67.
64
Calculate the remainder when 5231 is divided by 1013.
166
Calculate the remainder when 2178 is divided by 722.
12
What is the remainder when 7069 is divided by 314?
161
Calculate the remainder when 320 is divided by 34.
14
What is the remainder when 24002 is divided by 811?
483
Calculate the remainder when 9061 is divided by 319.
129
Calculate the remainder when 121533 is divided by 206.
199
What is the remainder when 1508171 is divided by 41?
27
Calculate the remainder when 2488147 is divided by 9.
7
Calculate the remainder when 27301 is divided by 1818.
31
Calculate the remainder when 118519 is divided by 206.
69
Calculate the remainder when 41708 is divided by 6950.
8
What is the remainder when 78220 is divided by 492?
484
Calculate the remainder when 242291 is divided by 26